 Suppose -3*u - 3*r - 7 = m, -4*r - 20 = u. Determine c(u).
0
Let s(i) = -i**2 - 3*i + 1. Suppose z - 4*z + 33 = 0. Let c(d) = 3*d**2 + 8*d - 4. Let o(g) = z*s(g) + 4*c(g). Determine o(4).
7
Let q(y) = -1 - y**3 + 2*y**2 + 2*y - 3*y + y**2. Suppose -6*l = 38793 - 38805. What is q(l)?
1
Let n(y) be the third derivative of y**4/24 - 2*y**3/3 + 220*y**2. Determine n(11).
7
Let z(v) = 4*v + 7. Let u(x) = -x**2 - 12*x + 1. Let l be u(-12). Let c be (33/15)/(l/5). Suppose 0 = f - 6 + c. Give z(f).
-13
Suppose 0 = -d + 3*d + j + 8, d - 14 = -5*j. Let u(o) be the second derivative of o**3/2 + 9*o**2/2 - 619*o. What is u(d)?
-9
Let t(q) = q**2 - 2*q + 1. Let m(a) = 2 - 18*a**2 - 2*a + 16*a + 0*a + a**3 + 3*a**2. Let d be m(14). Calculate t(d).
1
Let q(s) = -s**2 - 7*s - 5. Let b(l) = -6 - 2*l**3 - 5*l**2 + 6 + l**3 - 3*l. Let o = -15 + 11. Let x be b(o). What is q(x)?
7
Let l(y) = -y + 19. Let g be 2/(-6)*-3 + -1. Give l(g).
19
Let v(c) = c**3 + 3*c**2 + c + 5. Let d(f) = f**3 - 6*f**2 + f + 21. Let t be d(3). Determine v(t).
2
Let n(t) = 6 - 14*t**2 + t + 5*t - 3*t + 13*t**2 + t. Suppose 3*p + 0*o = 5*o, 2*p - 13 = -o. Give n(p).
1
Let v(h) = 2*h**3 + 2*h**2 - 3*h - 3. Let s(t) = t**3 + 4*t**2 - 11*t - 32. Let g be s(-2). Determine v(g).
-5
Let d(a) = 4*a - 7. Let j(c) = -2*c + 47. Let x be j(21). Calculate d(x).
13
Let m(p) be the first derivative of -1 + 0*p**2 - 1/3*p**3 - 7*p. Suppose 0 = -5*o + 2*t + 8, -5*o - 8 = 3*t + 4. What is m(o)?
-7
Let w(i) be the third derivative of -1/2*i**3 + 1/12*i**5 + 1/6*i**4 - 1/120*i**6 + 0*i - 5*i**2 + 0. Calculate w(6).
-15
Let p(a) be the third derivative of a**6/120 + a**5/30 - a**4/12 + a**3/3 - 7*a**2. Give p(-3).
-1
Let o(h) = -6*h. Suppose 7*b + 3*x + 30 = 4*b, -5*x + 40 = -5*b. Let m = -8 - b. What is o(m)?
-6
Suppose -4*k - 4*t - 1 = -5, -5*t + 3 = 4*k. Let r(z) = 47 - 47 - z - z**k + 2*z. Determine r(0).
0
Let m(j) = -2*j - 12. Let t(z) = z**3 + 6*z**2 - 14*z - 99. Let k be t(-5). Give m(k).
-4
Let m(d) = -d**2 + 5*d - 9. Suppose 7*n = o + 2*n, 2 = 2*n. Determine m(o).
-9
Let z(p) = 2*p + 23. Let n be z(-10). Suppose -3*c - 18 + n = 0. Let a(b) be the third derivative of -b**4/24 - 5*b**3/6 + 2*b**2. Give a(c).
0
Suppose 4*f = 2*j - 1 - 19, -5*f = -2*j + 26. Let r be (f - 6)*(-3)/(-9). Let m(n) = n**3 + 5*n**2 + 3*n - 2. Give m(r).
2
Let d(m) be the third derivative of m**9/60480 - m**8/5040 + m**7/1260 - m**6/240 - 7*m**5/10 + 45*m**2. Let q(c) be the third derivative of d(c). What is q(3)?
0
Let o = 30 + -28. Let a(g) = 0 + o*g + 1 + 7. Calculate a(-7).
-6
Let j(k) = k + 9. Let o = -29 + 34. Let z(q) = 2*q + 19. Let m(d) = o*j(d) - 2*z(d). Give m(-5).
2
Let c be (-1)/3 - (-127)/3. Let r = -39 + c. Let d(n) = n**2 - n + 1. Calculate d(r).
7
Let q(i) = -170*i**3 - 171*i**3 - 10*i**2 - 1 + 342*i**3 - 3*i + 15*i**2. Let r = -15 + 10. What is q(r)?
14
Let d(n) be the second derivative of -1/12*n**4 - 1/2*n**2 + 2 + 2/3*n**3 - 8*n. Give d(5).
-6
Suppose -3*t = -4*u + 18, 0*t + 2*t = -2*u - 12. Let r(y) = 3*y + 8. Calculate r(t).
-10
Suppose -5*c = x + 38, -1 = c - 3*x - 3. Let z(l) = l**2 + 8*l + 1. What is z(c)?
-6
Let t(k) = 11*k**2 - k + 1. Let y = -65 + 66. Give t(y).
11
Let m(s) = -s**2 + 10*s - 1. Let q(f) = f**3 + 19*f**2 - f - 10. Let y be q(-19). Calculate m(y).
8
Let r(h) be the third derivative of h**5/60 - h**4/6 + h**3/2 + 3*h**2. Let i = -33 + 34. Suppose i + 7 = 2*a. Calculate r(a).
3
Let f(m) = -4*m - 4. Let s be (-18)/(-8) + 2/(-8) + -7. Determine f(s).
16
Let q(f) = -f + 7. Let u be q(5). Let w(a) = 3*a**2 + 13 + 6*a - 3 - u*a**2 - 8. What is w(-5)?
-3
Suppose 0 = 5*h + 14 - 54. Suppose 3*y = h + 4. Suppose y = -4*f - 4. Let x(n) = -n. Give x(f).
2
Let x(o) = 3706*o**2 - 3 - 3 - 9*o - o**3 - 2 + 7 - 3697*o**2. Suppose 0 = 4*m - 0*m - 32. What is x(m)?
-9
Let y(m) = 4*m**3 - 12*m**2 + 4*m - 12. Let s(n) = -n**3 + 2*n**2 + n + 1. Let t(r) = -3*s(r) - y(r). Give t(5).
-1
Let p(k) be the third derivative of -k**4/24 + 2*k**3/3 + 2*k**2. Let x(b) = 12*b - 5*b**2 - 1 + 0*b + b**3 + 16 + 17*b**2. Let c be x(-11). Determine p(c).
0
Let x(u) = u - 4. Let v(q) = -3*q**2 - 6*q - 8. Let p be v(5). Let d = 123 + p. Give x(d).
6
Let l(c) = -c + 7*c - 8*c. Suppose 3*g + 14 = -7. What is l(g)?
14
Let u(k) = -k**3 + 3*k**2 + 3*k - 3. Let l be (3*(-10)/(-15))/((-3)/(-6)). Calculate u(l).
-7
Let r(c) = 3*c**2 - 3*c + 1. Let o be 6/(-2) + (-30)/(-5) + -6. Calculate r(o).
37
Let m(n) = n**3 - 9*n**2 + 11*n - 7. Suppose 8 - 48 = -4*g - 2*i, 5*g - 60 = -5*i. What is m(g)?
17
Let v(n) = -n**2 - 11*n - 5. Let a be v(-10). Let k be (4/(-10))/(1/(-25)). Let f(x) = -4*x**3 + 2 - 5*x + k*x**2 - 5*x**2 + a*x**3. Calculate f(-6).
-4
Let r(o) = -9*o - 2. Let z(w) = w + 5. Let d be z(-5). Let u(m) = d + 1 + 69*m - 64*m. Let a(t) = -6*r(t) - 11*u(t). What is a(1)?
0
Let k = -14 - -25. Let d = 13 - k. Let y(x) = -d*x + x + x + x. What is y(-3)?
-3
Let x(o) = -7*o - 2. Let w = -6 - 1. Let v = 10 + w. Calculate x(v).
-23
Let k(u) = 5*u - 4. Let r(g) = g + 1. Let i(a) = -6*a + 3. Let z(f) = i(f) + 2*r(f). Let l(v) = -3*k(v) - 4*z(v). Suppose -t + 2 + 3 = 0. Determine l(t).
-3
Let a = 43 - 37. Let n(d) = 2*d - a + 3*d**2 - d**2 - 7*d + 2. Give n(4).
8
Let k(a) be the first derivative of -a**3/3 - a**2 + 3*a - 2. Suppose 12*j = 15*j + 3. Let i be (-2 - j - 1)/(23/46). Calculate k(i).
-5
Suppose -3 = 2*h - 5. Let a be (-6)/(h - 4/(-8)). Let n(b) = -b**2 - 4*b - 2. Let g(i) = -i**2 - 3*i - 1. Let c(z) = a*g(z) + 3*n(z). What is c(0)?
-2
Let w be (6/13)/(79/1027). Let n(l) = -l + 8. Let h(q) = -2*q + 17. Let a(j) = -2*h(j) + 5*n(j). Calculate a(w).
0
Suppose j = 5*v - 0*j - 186, -4*v - j = -147. Let b = v - 32. Let u(y) = y**3 - 6*y**2 + 6*y + 5. Calculate u(b).
10
Let s(y) = -y + 8. Let o be s(6). Let m(i) = -10*i**2 + 6 - 4 + 9*i**o + 9*i. What is m(9)?
2
Let l(j) = 3*j - 2. Let m = 225 - 225. Determine l(m).
-2
Let b(z) = -3*z - 35. Suppose -5*x + 76 = -3*w, -x - 4*x - 9 = 2*w. Give b(w).
16
Let m(g) = 2*g**2 - 2 - 3*g**2 + 5*g**2 - 16*g - 2*g**2. Let f be m(8). Let l(z) = -4*z**2 - 4*z - 2. What is l(f)?
-10
Let u = 18 + -17. Suppose 6 = -4*x - n, -3*x + u = -n - n. Let y(f) = 6*f**2 - f - 1. What is y(x)?
6
Let f be ((-4)/1)/((-20)/10). Let n(k) = -2 + 2*k - k**2 + 2 + 1 - k**3. Give n(f).
-7
Let g(t) be the third derivative of t**4/24 - 5*t**3/6 + 467*t**2. Give g(0).
-5
Let i(d) = -d**3 - 9*d**2 + 9*d + 2. Suppose 12*o = -269 + 149. What is i(o)?
12
Let f(l) = -478 + 9*l + 950 - 477. Give f(3).
22
Suppose -m + 0*m = 3*b + 49, -5*m - 195 = 5*b. Let g = m - -18. Let r be g/(-28) - 124/(-28). Let s(i) = i**2 - 4*i - 3. Determine s(r).
2
Let d = 20 - 12. Suppose -5*w + d = 3*j, 0*j + j - 8 = w. Let x be -2*6/(-3 + j). Let o(a) = -a - 4. Give o(x).
0
Let p(g) = 4*g**2 - 79 + 35 + 41 + 3*g**3 - 5*g - 3*g**3 + g**3. Calculate p(-5).
-3
Let w(k) = -2*k**2 + 2*k + 3. Suppose -140 = -5*q + 4*n - 0*n, -4*q = 2*n - 112. Suppose -10*i - 4*i - q = 0. Calculate w(i).
-9
Let m(h) = h**3 + 9*h**2 + 8*h - 4. Let j(x) = 3*x - 10. Let u be j(4). Suppose 2*l + 18 = -3*i, -3*l = -i - 19 + u. What is m(i)?
-4
Let m(o) = -28*o + 143. Let j be m(5). Let y(n) be the first derivative of 0*n - 4/3*n**j + 10 + n**2. What is y(2)?
-12
Let q = -1 + 1. Suppose 2*m + k = m + 5, q = -m - 3*k + 11. Suppose m*d - 5 = -r, r = d + 2*r - 4. Let n(y) = 3*y**3 - y**2. Determine n(d).
2
Let u(b) = 2*b + 14. Let y be u(-6). Let p(j) = -2*j**3 + 3*j**2 - j + 1. Calculate p(y).
-5
Let w(l) be the second derivative of l**5/5 - l**3/6 + l**2/2 - l. Suppose 0 = -277*s + 272*s - 1 + 6. Give w(s).
4
Let i(x) be the second derivative of -x**6/360 - 7*x**5/120 + 11*x**4/12 + 2*x. Let r(b) be the third derivative of i(b). What is r(5)?
-17
Let o(a) = -a**2 + 6*a - 3. Let l(j) = j**2 - j - 1. Let d(t) = 2*l(t) + o(t). Determine d(-3).
-8
Suppose 51*h - 9 - 246 = 0. Let s(k) = -k**3 + 6*k**2 - 6*k. Determine s(h).
-5
Let h(d) be the third derivative of -d**5/15 - d**4/24 - 5*d**3/2 + 5*d**2. Let a(n) be the first derivative of h(n). What is a(1)?
-9
Let b(s) = -s**3 + 2*s**2 + 2*s + 1. Let z be b(0). Suppose -6 = i + z. Let w(q) = q**2 + 9*q. Give w(i).
-14
Let s(c) = -c**2 - 16*c - 26. Let j be s(-14). Let z(o) = 87*o**2 - 7*o**3 + 1 - 47*o**2 - 42*o**j. What is z(-1)?
6
